 Suppose h = 5*h - 3*b - 32, 0 = 3*b. Calculate the greatest common factor of q and h.
4
Let s = -43 + 73. Let i(c) = -c**3 - 4*c**2 + 5*c + 1. Let x be i(-6). Let w be x - (5 + -3)/(-1). Calculate the greatest common factor of w and s.
15
Let x = 8 + -5. Suppose -32 = -2*y - q - 5, y - 16 = -x*q. Calculate the highest common divisor of y and 91.
13
Suppose 5*c = -5 - 5. Let m be c/(-6) + (-4)/(-6). Let o be (-2)/(-2 + m - 1). What is the highest common divisor of 1 and o?
1
Suppose -5*j = -31 - 29. Calculate the highest common divisor of 36 and j.
12
Let o(m) = -m + 48. Let g be o(0). Suppose -7*z = -115 + 3. Calculate the greatest common factor of g and z.
16
Let b = -31 - -69. Suppose -101 = -3*c + 3*i - b, 0 = c - 5*i - 41. Calculate the highest common divisor of c and 2.
2
Let h(y) = 9*y - 66. Let m be h(12). Calculate the greatest common factor of 42 and m.
42
Suppose -5*w = 3*k - 10*w - 52, 2*w = k - 16. Calculate the highest common factor of 144 and k.
24
Suppose -6 = -2*l + 4*r, 2*l - 5*r = 9 - 4. What is the greatest common factor of l and 5?
5
Let j(s) = -16*s - 3. Let t be j(-7). Let f = 43 + t. Suppose 5*b = 4*p + 61 + 67, 5*b = -4*p + f. What is the highest common factor of b and 70?
14
Suppose 8 = 3*i - 5*n - 1, 2*i - 1 = 5*n. Calculate the highest common divisor of i and 1.
1
Let c(w) = 11*w + 3. Let t be c(5). Suppose -l + 4*l - 2*n - t = 0, n + 85 = 5*l. Calculate the greatest common factor of l and 48.
16
Let j = 13 + -8. Suppose -j*v = -7 - 3. Suppose -1 = -3*x - v*r - 2, 31 = 2*x - 5*r. What is the highest common divisor of 6 and x?
3
Let n(p) = -p**2 - 4*p + 6. Let h be n(-6). Let a be (-5)/((-75)/h)*-20. Calculate the highest common divisor of a and 56.
8
Let g(j) = -j**2 - 9*j + 3. Let x be g(-7). Calculate the greatest common factor of x and 68.
17
Suppose 14 = -i - 3*b, 2 = 5*i - 2*b - 13. Suppose -5*z - i = -11. Let w be (3 - 2)*10 + z. Calculate the highest common divisor of 12 and w.
12
Let l be (1 - 11)*24/(-15). Calculate the highest common divisor of 128 and l.
16
Suppose 4*n + 17 = -7. Suppose k + 52 = 4*o, -3*k + 17 = -5*o + 75. Let g = n + o. Calculate the highest common divisor of 72 and g.
8
Let k be 3 + 1 + 118 + -2. Calculate the highest common factor of 15 and k.
15
Let l(y) = y - 1. Suppose 5*a + 5 = 0, 0 = -7*z + 3*z + a + 1. Suppose -q + z = -5. Let b be l(q). What is the highest common divisor of b and 6?
2
Suppose -18*r + 22*r - 32 = 0. What is the greatest common factor of r and 32?
8
Suppose -6 = y - 4*y. Calculate the greatest common factor of y and 4.
2
Suppose 4*y = y + 780. Let p = -95 + y. Suppose -3*o + 63 = 2*o - 4*w, 4*o = -5*w + 75. What is the greatest common divisor of o and p?
15
Let h = -174 + 291. Calculate the highest common divisor of h and 13.
13
Let c(p) = -p**2 - 5*p + 4. Let m be c(-5). Let r(s) = 4*s**2. Let z be r(3). Calculate the highest common factor of m and z.
4
Let j be (-8 - -14) + (1 - 3). What is the greatest common factor of j and 8?
4
Let x(b) be the third derivative of b**4/24 + 7*b**3/6 + 4*b**2. Let g be x(0). Suppose -g*m = -3*m - 28. What is the greatest common divisor of 63 and m?
7
Suppose 2*j = -0*j + 220. Suppose 3*y - 15*k + 10*k = 28, 13 = y + 2*k. Calculate the highest common factor of j and y.
11
Suppose 16 = -5*b - 49. Let s be (b/26)/(2/(-432)). Calculate the highest common divisor of s and 72.
36
Let t(i) = 3*i**2 + i. Let w be t(-1). Let a be 3 - -36 - (1 + w). Calculate the highest common divisor of a and 9.
9
Suppose -16 = 3*k - 6*k - 5*n, -4*k + 6 = -n. Let q be 12/20 - (-2)/5. Calculate the highest common factor of q and k.
1
Suppose 0 = -13*k + 11*k + 52. What is the greatest common factor of 13 and k?
13
Let o(x) = x**2 + 4*x - 8. Let m = -9 + 3. Let z be o(m). Calculate the highest common divisor of 4 and z.
4
Let j be 4/10 - (-6)/(-15). Suppose j = 4*z + 12, 4*f - 4*z - 61 = -9. Let k = -3 - -13. Calculate the greatest common divisor of k and f.
10
Let y be 0 + (-2 - (-8)/2). Suppose 3*p - y*p - 5*b - 2 = 0, 3*p - 6 = -b. Let u be 3*(-1 + p)*30. Calculate the highest common factor of 10 and u.
10
Let j be (-5 - -1) + 25*1. Suppose 0 = 16*a - j*a + 270. What is the greatest common divisor of 6 and a?
6
Let y = 3 + 14. Let t = y + -8. Calculate the highest common factor of t and 36.
9
Let y = 16 - 22. Let w(m) = -2*m. Let k(c) = c - 1. Let q(i) = 6*k(i) + 5*w(i). Let v be q(y). Calculate the greatest common factor of 9 and v.
9
Let c(d) = -5*d**3 + 14*d**2 + 7*d - 9. Let m(l) = l**3 - l**2 + l. Let r(x) = -c(x) - 4*m(x). Let f be r(11). What is the greatest common divisor of 9 and f?
9
Let o = -3 + 3. Suppose -2*n - 5*w - 12 = o, -5*n - w - 1 - 29 = 0. Let j be (-2)/6 - 434/n. What is the highest common divisor of 18 and j?
18
Suppose -3*w - w - 2*i + 310 = 0, 4 = 4*i. Suppose 0*q = -q + w. Let z be 119/21 - 4/(-3). Calculate the highest common divisor of q and z.
7
Suppose -4*c + 250 = 22. Suppose c = 5*k - 183. Suppose -5*g = -s + 31, g - 31 = -5*s + 46. What is the highest common divisor of s and k?
16
Let p = 48 - 34. What is the highest common divisor of 112 and p?
14
Let f = 7 - -11. What is the highest common factor of f and 3?
3
Let z(p) = -2*p**2 - p + 3. Let n be z(-3). Let r be (-3)/n + 63/4. What is the highest common factor of r and 64?
16
Let f = 22 + -10. What is the greatest common divisor of f and 6?
6
Let z be -3*39/18*4. Let w = z + 39. Let f(y) = 14*y - 3. Let q be f(3). Calculate the highest common divisor of w and q.
13
Suppose -3*o + 5*h = -29, 3*h + 3 = -2*o - 3. Suppose 5*t + 0*n - 270 = o*n, n = -t + 54. Calculate the highest common factor of 27 and t.
27
Suppose 5*h - 3*d = 996, 4*d = -0*d - 8. Calculate the greatest common divisor of h and 18.
18
Suppose 0*k + 3*k = -189. Suppose 7*s - 4*z = 5*s + 102, -3*s - z = -132. Let w = s - k. Calculate the greatest common divisor of w and 12.
12
Suppose -4*p + 144 = -0*p. Calculate the highest common divisor of p and 4.
4
Let i = 1 - -4. Suppose i*a - 240 = -55. Let y = a - 26. Calculate the greatest common factor of 121 and y.
11
Let l(j) be the third derivative of j**6/30 - j**5/20 + 2*j**3/3 - j**2. Let x be l(3). Let z = x - -5. What is the highest common factor of 10 and z?
10
Let i = 126 - 88. Let o = 122 - 65. What is the highest common divisor of o and i?
19
Let x = -1 + 3. Let i = -12 + 20. What is the greatest common factor of x and i?
2
Let d be (66/12)/(2/12). Let k be (-26)/(-2) + 1 + -3. Calculate the highest common divisor of k and d.
11
Suppose 8*b = 4*b - 4*k - 20, 0 = 5*b + 2*k + 31. Let q = -5 - b. Calculate the greatest common divisor of 6 and q.
2
Suppose w - 144 = -2*w. Suppose 39 = -c + 3*c + 5*l, 3*l = 3*c - 111. What is the greatest common factor of c and w?
16
Let d = -3 - -2. Let s = 11 - d. What is the highest common factor of 3 and s?
3
Suppose 60 = 2*u + 2*y + 3*y, -y = 0. Suppose 5*k = 2*x + 69, -k + 0*x + 30 = 5*x. Calculate the greatest common divisor of k and u.
15
Let p = -40 - -135. Calculate the highest common divisor of 19 and p.
19
Let u be (2 - -35)*(5 - 2). Let r = -23 + u. Suppose -3*j + 28 = -38. Calculate the highest common factor of r and j.
22
Suppose 0 = -0*u - 5*u + 80. What is the highest common divisor of u and 112?
16
Let h(n) = n + 7. Let p be h(-5). Suppose -2*x - 3*x = -30. Suppose -14 = -o - 3*t, 6*o - 4*o - 5*t - x = 0. Calculate the highest common factor of p and o.
2
Let v = 3 + -2. Suppose 9 = 2*k - v. Suppose -3*x + k*u = -2, -5*x = -2*x - 4*u - 7. Calculate the greatest common divisor of 3 and x.
3
Suppose -t + 0*n + 4*n + 26 = 0, 91 = 3*t + n. Let w be (-56)/(-3) + 10/t. What is the greatest common factor of 19 and w?
19
Suppose 6*f = f + 10. Suppose f*o = 4*o. Let h = o - -36. What is the greatest common factor of h and 9?
9
Suppose -45 = -10*k + 95. What is the greatest common divisor of k and 7?
7
Suppose -6*u + u = 30. Let t(i) = -i + 8. Let q be t(u). Let g = -29 - -43. What is the highest common divisor of q and g?
14
Let d(b) = -413*b + 10. Let w be d(-1). Calculate the greatest common divisor of 47 and w.
47
Suppose 0 = 4*x + 3*b - 447, 0 = 4*x + b - 5*b - 412. Let m be (-8)/(-10)*(-7 + 22). Calculate the highest common factor of x and m.
12
Let h be (-1 + -2)/3*0. Suppose h = -w - 0*w + p + 8, -3*w 